{"id":7787,"date":"2021-01-07T16:49:44","date_gmt":"2021-01-07T16:49:44","guid":{"rendered":"https:\/\/lerkarmedia.com\/gci\/?page_id=7787"},"modified":"2021-03-02T00:05:41","modified_gmt":"2021-03-02T00:05:41","slug":"contacto","status":"publish","type":"page","link":"https:\/\/lerkarmedia.com\/gci\/contacto\/","title":{"rendered":"Contacto"},"content":{"rendered":"<div class=\"wpb-content-wrapper\"><section class=\"l-section wpb_row height_custom\"><div class=\"l-section-h i-cf\"><div class=\"g-cols vc_row type_default valign_top\"><div class=\"vc_col-sm-3 wpb_column vc_column_container\"><div class=\"vc_column-inner type_sticky\"><div class=\"wpb_wrapper\"><div class=\"wpb_text_column\" ><div class=\"wpb_wrapper\"><h2>Contacto<\/h2>\n<\/div><\/div><div class=\"w-separator us_custom_1f257949 size_custom with_line width_default thick_2 style_solid color_primary align_center\" style=\"height:5px\"><div class=\"w-separator-h\"><\/div><\/div><\/div><\/div><\/div><div class=\"vc_col-sm-6 wpb_column vc_column_container\"><div class=\"vc_column-inner\"><div class=\"wpb_wrapper\">\n<div class=\"wpcf7 no-js\" id=\"wpcf7-f4-o1\" lang=\"es-ES\" dir=\"ltr\" data-wpcf7-id=\"4\">\n<div class=\"screen-reader-response\"><p role=\"status\" aria-live=\"polite\" aria-atomic=\"true\"><\/p> <ul><\/ul><\/div>\n<form action=\"\/gci\/wp-json\/wp\/v2\/pages\/7787#wpcf7-f4-o1\" method=\"post\" class=\"wpcf7-form init\" aria-label=\"Formulario de contacto\" novalidate=\"novalidate\" data-status=\"init\">\n<fieldset class=\"hidden-fields-container\"><input type=\"hidden\" name=\"_wpcf7\" value=\"4\" \/><input type=\"hidden\" name=\"_wpcf7_version\" value=\"6.1.5\" \/><input type=\"hidden\" name=\"_wpcf7_locale\" value=\"es_ES\" \/><input type=\"hidden\" name=\"_wpcf7_unit_tag\" value=\"wpcf7-f4-o1\" \/><input type=\"hidden\" name=\"_wpcf7_container_post\" value=\"0\" \/><input type=\"hidden\" name=\"_wpcf7_posted_data_hash\" value=\"\" \/>\n<\/fieldset>\n<p><label><span class=\"wpcf7-form-control-wrap\" data-name=\"your-name\"><input size=\"40\" maxlength=\"400\" class=\"wpcf7-form-control wpcf7-text wpcf7-validates-as-required\" aria-required=\"true\" aria-invalid=\"false\" placeholder=\"Nombre\" value=\"\" type=\"text\" name=\"your-name\" \/><\/span> <\/label>\n<\/p>\n<p><label><span class=\"wpcf7-form-control-wrap\" data-name=\"your-email\"><input size=\"40\" maxlength=\"400\" class=\"wpcf7-form-control wpcf7-email wpcf7-validates-as-required wpcf7-text wpcf7-validates-as-email\" aria-required=\"true\" aria-invalid=\"false\" placeholder=\"Correo electr\u00f3nico\" value=\"\" type=\"email\" name=\"your-email\" \/><\/span> <\/label>\n<\/p>\n<p><label><span class=\"wpcf7-form-control-wrap\" data-name=\"your-subject\"><input size=\"40\" maxlength=\"400\" class=\"wpcf7-form-control wpcf7-text wpcf7-validates-as-required\" aria-required=\"true\" aria-invalid=\"false\" placeholder=\"Asunto\" value=\"\" type=\"text\" name=\"your-subject\" \/><\/span> <\/label>\n<\/p>\n<p><label><span class=\"wpcf7-form-control-wrap\" data-name=\"your-message\"><textarea cols=\"40\" rows=\"10\" maxlength=\"2000\" class=\"wpcf7-form-control wpcf7-textarea\" aria-invalid=\"false\" placeholder=\"Mensaje\" name=\"your-message\"><\/textarea><\/span> <\/label>\n<\/p>\n<p><input class=\"wpcf7-form-control wpcf7-submit has-spinner\" type=\"submit\" value=\"Enviar\" \/>\n<\/p><div class=\"wpcf7-response-output\" aria-hidden=\"true\"><\/div>\n<\/form>\n<\/div>\n<div class=\"w-separator size_small\"><\/div><div class=\"wpb_text_column\" ><div class=\"wpb_wrapper\"><p style=\"text-align: center;\">Para remitir sus consultas, observaciones u oportunidades de mejora enviar un correo a la siguiente direcci\u00f3n: <a href=\"mailto:recepcion@gci-ing.com\">recepcion@gci-ing.com<\/a> y con mucho gusto le atenderemos.<\/p>\n<\/div><\/div><\/div><\/div><\/div><div class=\"vc_col-sm-3 vc_hidden-xs wpb_column vc_column_container\"><div class=\"vc_column-inner\"><div class=\"wpb_wrapper\"><div class=\"w-image align_center\"><div class=\"w-image-h\"><img loading=\"lazy\" decoding=\"async\" width=\"537\" height=\"1080\" src=\"https:\/\/lerkarmedia.com\/gci\/wp-content\/uploads\/2021\/02\/2sidebar-e1612272837198.png\" class=\"attachment-full size-full\" alt=\"\" srcset=\"https:\/\/lerkarmedia.com\/gci\/wp-content\/uploads\/2021\/02\/2sidebar-e1612272837198.png 537w, https:\/\/lerkarmedia.com\/gci\/wp-content\/uploads\/2021\/02\/2sidebar-e1612272837198-149x300.png 149w, https:\/\/lerkarmedia.com\/gci\/wp-content\/uploads\/2021\/02\/2sidebar-e1612272837198-509x1024.png 509w\" sizes=\"auto, (max-width: 537px) 100vw, 537px\" \/><\/div><\/div><\/div><\/div><\/div><\/div><\/div><\/section><section class=\"l-section wpb_row height_custom color_footer-top with_overlay\"><div class=\"l-section-overlay\" style=\"background: #8d9ebb\"><\/div><div class=\"l-section-h i-cf\"><div class=\"g-cols vc_row type_default valign_top gap-10px\"><style>.g-cols.gap-10px{margin:0 calc(-1.5rem - 10px)}.gap-10px > .vc_column_container {padding:10px}<\/style><div class=\"vc_col-sm-4 wpb_column vc_column_container\"><div class=\"vc_column-inner\"><div class=\"wpb_wrapper\"><div class=\"w-image style_shadow-1 align_center\"><div class=\"w-image-h\"><img loading=\"lazy\" decoding=\"async\" width=\"626\" height=\"626\" src=\"https:\/\/lerkarmedia.com\/gci\/wp-content\/uploads\/2021\/02\/mapa-pais-fronteras_97886-3865.jpg\" class=\"attachment-full size-full\" alt=\"\" srcset=\"https:\/\/lerkarmedia.com\/gci\/wp-content\/uploads\/2021\/02\/mapa-pais-fronteras_97886-3865.jpg 626w, https:\/\/lerkarmedia.com\/gci\/wp-content\/uploads\/2021\/02\/mapa-pais-fronteras_97886-3865-300x300.jpg 300w, https:\/\/lerkarmedia.com\/gci\/wp-content\/uploads\/2021\/02\/mapa-pais-fronteras_97886-3865-150x150.jpg 150w\" sizes=\"auto, (max-width: 626px) 100vw, 626px\" \/><\/div><\/div><div class=\"w-separator size_small\"><\/div><div class=\"w-iconbox iconpos_left style_default color_contrast align_left no_text\"><a href=\"mailto:recepci\u00f3n@gci-ing.com\" class=\"w-iconbox-link\" aria-label=\"recepci\u00f3n@gci-ing.com\"><div class=\"w-iconbox-icon\" style=\"font-size:1.2rem;\"><i class=\"far fa-envelope\"><\/i><\/div><\/a><div class=\"w-iconbox-meta\"><a href=\"mailto:recepci\u00f3n@gci-ing.com\" class=\"w-iconbox-link\" aria-label=\"recepci\u00f3n@gci-ing.com\"><div class=\"w-iconbox-title\">recepci\u00f3n@gci-ing.com<\/div><\/a><\/div><\/div><div class=\"w-separator size_custom\" style=\"height:10px\"><\/div><div class=\"w-iconbox iconpos_left style_default color_contrast align_left no_text\"><a href=\"tel:+3211234567\" class=\"w-iconbox-link\" aria-label=\"+506 4001-7724\"><div class=\"w-iconbox-icon\" style=\"font-size:1.2rem;\"><i class=\"far fa-phone\"><\/i><\/div><\/a><div class=\"w-iconbox-meta\"><a href=\"tel:+3211234567\" class=\"w-iconbox-link\" aria-label=\"+506 4001-7724\"><div class=\"w-iconbox-title\">+506 4001-7724<\/div><\/a><\/div><\/div><div class=\"w-separator size_custom\" style=\"height:10px\"><\/div><div class=\"w-iconbox iconpos_left style_default color_contrast align_left no_text\"><a href=\"tel:+3211234567\" class=\"w-iconbox-link\" aria-label=\"+506 2290-9575\"><div class=\"w-iconbox-icon\" style=\"font-size:1.2rem;\"><i class=\"far fa-phone\"><\/i><\/div><\/a><div class=\"w-iconbox-meta\"><a href=\"tel:+3211234567\" class=\"w-iconbox-link\" aria-label=\"+506 2290-9575\"><div class=\"w-iconbox-title\">+506 2290-9575<\/div><\/a><\/div><\/div><div class=\"w-separator size_custom\" style=\"height:10px\"><\/div><div class=\"w-iconbox iconpos_left style_default color_contrast align_left no_text\"><a target=\"_blank\" rel=\"nofollow noopener\" href=\"https:\/\/goo.gl\/maps\/dfYWcXD5Upw\" class=\"w-iconbox-link\" aria-label=\"Torres de Paseo Col\u00f3n, Torre A, Piso 5 Paseo Col\u00f3n, San Jos\u00e9 Costa Rica.\"><div class=\"w-iconbox-icon\" style=\"font-size:1.2rem;\"><i class=\"far fa-map-marker-alt\"><\/i><\/div><\/a><div class=\"w-iconbox-meta\"><a target=\"_blank\" rel=\"nofollow noopener\" href=\"https:\/\/goo.gl\/maps\/dfYWcXD5Upw\" class=\"w-iconbox-link\" aria-label=\"Torres de Paseo Col\u00f3n, Torre A, Piso 5 Paseo Col\u00f3n, San Jos\u00e9 Costa Rica.\"><div class=\"w-iconbox-title\">Torres de Paseo Col\u00f3n, Torre A, Piso 5 Paseo Col\u00f3n, San Jos\u00e9 Costa Rica.<\/div><\/a><\/div><\/div><\/div><\/div><\/div><div class=\"vc_col-sm-4 wpb_column vc_column_container\"><div class=\"vc_column-inner\"><div class=\"wpb_wrapper\"><div class=\"w-image style_shadow-1 align_center\"><div class=\"w-image-h\"><img loading=\"lazy\" decoding=\"async\" width=\"626\" height=\"626\" src=\"https:\/\/lerkarmedia.com\/gci\/wp-content\/uploads\/2021\/02\/mapa-pais-fronteras_97886-3945.jpg\" class=\"attachment-full size-full\" alt=\"\" srcset=\"https:\/\/lerkarmedia.com\/gci\/wp-content\/uploads\/2021\/02\/mapa-pais-fronteras_97886-3945.jpg 626w, https:\/\/lerkarmedia.com\/gci\/wp-content\/uploads\/2021\/02\/mapa-pais-fronteras_97886-3945-300x300.jpg 300w, https:\/\/lerkarmedia.com\/gci\/wp-content\/uploads\/2021\/02\/mapa-pais-fronteras_97886-3945-150x150.jpg 150w\" sizes=\"auto, (max-width: 626px) 100vw, 626px\" \/><\/div><\/div><div class=\"w-separator size_small\"><\/div><div class=\"w-iconbox iconpos_left style_default color_contrast align_left no_text\"><a href=\"mailto:recepci\u00f3n@gci-ing.com\" class=\"w-iconbox-link\" aria-label=\"recepci\u00f3n@gci-ing.com\"><div class=\"w-iconbox-icon\" style=\"font-size:1.2rem;\"><i class=\"far fa-envelope\"><\/i><\/div><\/a><div class=\"w-iconbox-meta\"><a href=\"mailto:recepci\u00f3n@gci-ing.com\" class=\"w-iconbox-link\" aria-label=\"recepci\u00f3n@gci-ing.com\"><div class=\"w-iconbox-title\">recepci\u00f3n@gci-ing.com<\/div><\/a><\/div><\/div><div class=\"w-separator size_custom\" style=\"height:10px\"><\/div><div class=\"w-iconbox iconpos_left style_default color_contrast align_left no_text\"><a href=\"tel:+3211234567\" class=\"w-iconbox-link\" aria-label=\"+507 6329-4506\"><div class=\"w-iconbox-icon\" style=\"font-size:1.2rem;\"><i class=\"far fa-phone\"><\/i><\/div><\/a><div class=\"w-iconbox-meta\"><a href=\"tel:+3211234567\" class=\"w-iconbox-link\" aria-label=\"+507 6329-4506\"><div class=\"w-iconbox-title\">+507 6329-4506<\/div><\/a><\/div><\/div><div class=\"w-separator size_custom\" style=\"height:10px\"><\/div><div class=\"w-iconbox iconpos_left style_default color_contrast align_left no_text\"><a target=\"_blank\" rel=\"nofollow noopener\" href=\"https:\/\/goo.gl\/maps\/dfYWcXD5Upw\" class=\"w-iconbox-link\" aria-label=\"Edificio PH Atrium Tower, Piso 19 Calle 54 Obarrio, Ciudad de Panam\u00e1, Panam\u00e1.\"><div class=\"w-iconbox-icon\" style=\"font-size:1.2rem;\"><i class=\"far fa-map-marker-alt\"><\/i><\/div><\/a><div class=\"w-iconbox-meta\"><a target=\"_blank\" rel=\"nofollow noopener\" href=\"https:\/\/goo.gl\/maps\/dfYWcXD5Upw\" class=\"w-iconbox-link\" aria-label=\"Edificio PH Atrium Tower, Piso 19 Calle 54 Obarrio, Ciudad de Panam\u00e1, Panam\u00e1.\"><div class=\"w-iconbox-title\">Edificio PH Atrium Tower, Piso 19 Calle 54 Obarrio, Ciudad de Panam\u00e1, Panam\u00e1.<\/div><\/a><\/div><\/div><\/div><\/div><\/div><div class=\"vc_col-sm-4 wpb_column vc_column_container\"><div class=\"vc_column-inner\"><div class=\"wpb_wrapper\"><div class=\"w-image style_shadow-1 align_center\"><div class=\"w-image-h\"><img loading=\"lazy\" decoding=\"async\" width=\"626\" height=\"626\" src=\"https:\/\/lerkarmedia.com\/gci\/wp-content\/uploads\/2021\/02\/mapa-pais-fronteras_97886-3948.jpg\" class=\"attachment-full size-full\" alt=\"\" srcset=\"https:\/\/lerkarmedia.com\/gci\/wp-content\/uploads\/2021\/02\/mapa-pais-fronteras_97886-3948.jpg 626w, https:\/\/lerkarmedia.com\/gci\/wp-content\/uploads\/2021\/02\/mapa-pais-fronteras_97886-3948-300x300.jpg 300w, https:\/\/lerkarmedia.com\/gci\/wp-content\/uploads\/2021\/02\/mapa-pais-fronteras_97886-3948-150x150.jpg 150w\" sizes=\"auto, (max-width: 626px) 100vw, 626px\" \/><\/div><\/div><div class=\"w-separator size_small\"><\/div><div class=\"w-iconbox iconpos_left style_default color_contrast align_left no_text\"><a href=\"mailto:recepci\u00f3n@gci-ing.com\" class=\"w-iconbox-link\" aria-label=\"recepci\u00f3n@gci-ing.com\"><div class=\"w-iconbox-icon\" style=\"font-size:1.2rem;\"><i class=\"far fa-envelope\"><\/i><\/div><\/a><div class=\"w-iconbox-meta\"><a href=\"mailto:recepci\u00f3n@gci-ing.com\" class=\"w-iconbox-link\" aria-label=\"recepci\u00f3n@gci-ing.com\"><div class=\"w-iconbox-title\">recepci\u00f3n@gci-ing.com<\/div><\/a><\/div><\/div><div class=\"w-separator size_custom\" style=\"height:10px\"><\/div><div class=\"w-iconbox iconpos_left style_default color_contrast align_left no_text\"><a target=\"_blank\" rel=\"nofollow noopener\" href=\"https:\/\/goo.gl\/maps\/dfYWcXD5Upw\" class=\"w-iconbox-link\" aria-label=\"Ca. Recavarren 109-111 Oficina 501 Miraflores, Lima, Per\u00fa\"><div class=\"w-iconbox-icon\" style=\"font-size:1.2rem;\"><i class=\"far fa-map-marker-alt\"><\/i><\/div><\/a><div class=\"w-iconbox-meta\"><a target=\"_blank\" rel=\"nofollow noopener\" href=\"https:\/\/goo.gl\/maps\/dfYWcXD5Upw\" class=\"w-iconbox-link\" aria-label=\"Ca. Recavarren 109-111 Oficina 501 Miraflores, Lima, Per\u00fa\"><div class=\"w-iconbox-title\">Ca. Recavarren 109-111 Oficina 501 Miraflores, Lima, Per\u00fa<\/div><\/a><\/div><\/div><\/div><\/div><\/div><\/div><\/div><\/section>\n<\/div>","protected":false},"excerpt":{"rendered":"Contacto Para remitir sus consultas, observaciones u oportunidades de mejora enviar un correo a la siguiente direcci\u00f3n: recepcion@gci-ing.com y con mucho gusto le atenderemos. recepci\u00f3n@gci-ing.com+506 4001-7724+506 2290-9575Torres de Paseo Col\u00f3n, Torre A, Piso 5 Paseo Col\u00f3n, San Jos\u00e9 Costa Rica.recepci\u00f3n@gci-ing.com+507 6329-4506Edificio PH Atrium Tower, Piso 19 Calle 54 Obarrio, Ciudad de Panam\u00e1, Panam\u00e1.recepci\u00f3n@gci-ing.comCa. Recavarren 109-111...","protected":false},"author":1,"featured_media":0,"parent":0,"menu_order":0,"comment_status":"closed","ping_status":"closed","template":"","meta":{"nf_dc_page":"","footnotes":""},"class_list":["post-7787","page","type-page","status-publish","hentry"],"_links":{"self":[{"href":"https:\/\/lerkarmedia.com\/gci\/wp-json\/wp\/v2\/pages\/7787","targetHints":{"allow":["GET"]}}],"collection":[{"href":"https:\/\/lerkarmedia.com\/gci\/wp-json\/wp\/v2\/pages"}],"about":[{"href":"https:\/\/lerkarmedia.com\/gci\/wp-json\/wp\/v2\/types\/page"}],"author":[{"embeddable":true,"href":"https:\/\/lerkarmedia.com\/gci\/wp-json\/wp\/v2\/users\/1"}],"replies":[{"embeddable":true,"href":"https:\/\/lerkarmedia.com\/gci\/wp-json\/wp\/v2\/comments?post=7787"}],"version-history":[{"count":5,"href":"https:\/\/lerkarmedia.com\/gci\/wp-json\/wp\/v2\/pages\/7787\/revisions"}],"predecessor-version":[{"id":8705,"href":"https:\/\/lerkarmedia.com\/gci\/wp-json\/wp\/v2\/pages\/7787\/revisions\/8705"}],"wp:attachment":[{"href":"https:\/\/lerkarmedia.com\/gci\/wp-json\/wp\/v2\/media?parent=7787"}],"curies":[{"name":"wp","href":"https:\/\/api.w.org\/{rel}","templated":true}]}}